{"id":1781,"date":"2025-05-01T14:39:29","date_gmt":"2025-05-01T14:39:29","guid":{"rendered":"https:\/\/inna.kreativhandwerk.de\/?page_id=1781"},"modified":"2025-05-01T15:21:46","modified_gmt":"2025-05-01T15:21:46","slug":"ueber-mich","status":"publish","type":"page","link":"https:\/\/inna.kreativhandwerk.de\/index.php\/ueber-mich\/","title":{"rendered":"\u00dcber mich"},"content":{"rendered":"<div class=\"wpb-content-wrapper\"><p>[vc_row full_width=&#8221;stretch_row_content_no_spaces&#8221;][vc_column]<div class=\"banner-area banner-area-68138ac53d4a9 banner-color-inherit\" data-settings=\"{&quot;loop&quot;:true,&quot;speed&quot;:500,&quot;autoplay&quot;:{&quot;delay&quot;:5000,&quot;disableOnInteraction&quot;:false,&quot;pauseOnMouseEnter&quot;:true},&quot;arrows&quot;:true,&quot;dots&quot;:true,&quot;dots_position&quot;:&quot;left&quot;,&quot;animation&quot;:&quot;&quot;}\"><div class=\"banner banner-68138ac53d4a9  arrows-left pagination-left\" style=\" --transition-speed: 2500ms;\"><div class=\"swiper\"><div class=\"swiper-wrapper\"><div class=\"item swiper-slide banner-item-68138acf96925 tal white\">\n      <div class=\"bg-image\" style=\"background-image: url(https:\/\/inna.kreativhandwerk.de\/wp-content\/uploads\/2025\/05\/inna_header2.jpg)\"><\/div>\n      \n      \n      <div class=\"container\">\n        <div class=\"cell top  wpb_animate_when_almost_visible wpb_fadeIn fadeIn\">\n          <div class=\"heading\">\n        <div class=\"sub-h\">Momente, die bleiben \u2013 Hochzeitsfotografie mit Herz<\/div>\n        <h3 class=\"h\">Hallo! Ich freue mich, Sie auf meiner Website zu begr\u00fcssen!<\/h3>\n      <\/div>\n          <div class=\"text\">Ein L\u00e4cheln, das aus tiefstem Herzen kommt. Ein Blick, der mehr sagt als tausend Worte. Die zarte Ber\u00fchrung zweier H\u00e4nde, die gerade Ja gesagt haben. Genau diese Augenblicke halte ich f\u00fcr Sie fest \u2013 ehrlich, lebendig und voller Gef\u00fchl.<\/p>\n<p>Ich bin Inna Rose \u2013 Fotografin mit russischen Wurzeln und einer gro\u00dfen Liebe f\u00fcr echte Geschichten. Geboren in Sankt Petersburg, lebe und arbeite ich seit 2015 in der Schweiz und Deutschland. Als ich vor \u00fcber f\u00fcnf Jahren meine erste Hochzeit in den Bergen fotografierte, wusste ich: Das ist mehr als ein Beruf \u2013 das ist meine Leidenschaft.<\/p>\n<p>Was mich antreibt? Menschen. Emotionen. Und der Zauber zwischen den Zeilen eines Tages, der so schnell vorbeizieht und doch f\u00fcr immer bleiben soll. Ob bei Hochzeiten, Familienreportagen oder Paarshootings \u2013 ich begleite Sie mit Herz, Feingef\u00fchl und einem Blick f\u00fcr das Besondere.<\/p>\n<p>Sie w\u00fcnschen sich nat\u00fcrliche, zeitlose Bilder, die Ihre Geschichte erz\u00e4hlen? Dann lassen Sie uns gemeinsam Erinnerungen schaffen, die Sie auch noch in vielen Jahren ber\u00fchren.<\/p>\n<p>\u00dcbrigens: F\u00fcr das perfekte Rundum-Erlebnis arbeite ich mit erfahrenen Visagistinnen und Stylisten zusammen, die Sie an Ihrem gro\u00dfen Tag zum Strahlen bringen.<\/p>\n<p>Sie haben Fragen oder m\u00f6chten mehr erfahren? Schreiben Sie mir ganz unverbindlich \u2013 ich freue mich auf Sie.<\/p>\n<p>Ich spreche Englisch, Russisch und ein wenig Deutsch \u2013 und vor allem die Sprache der Emotionen.<\/p>\n<p>Ihre Inna Rose<br \/>\nFotografin f\u00fcr die besonderen Momente im Leben<\/div>\n          \n          \n        <\/div>\n      <\/div>\n    <\/div><\/div><\/div><div class=\"owl-nav\"><div class=\"owl-prev basic-ui-icon-left-arrow\"><\/div><div class=\"owl-next basic-ui-icon-right-arrow\"><\/div><\/div><div class=\"owl-dots\"><\/div><\/div><\/div>[\/vc_column][\/vc_row]<\/p>\n<\/div>","protected":false},"excerpt":{"rendered":"<p>[vc_row full_width=&#8221;stretch_row_content_no_spaces&#8221;][vc_column][\/vc_column][\/vc_row]<\/p>\n","protected":false},"author":1,"featured_media":0,"parent":0,"menu_order":0,"comment_status":"closed","ping_status":"closed","template":"elementor_theme","meta":{"_acf_changed":false,"footnotes":""},"class_list":["post-1781","page","type-page","status-publish","hentry"],"acf":[],"_links":{"self":[{"href":"https:\/\/inna.kreativhandwerk.de\/index.php\/wp-json\/wp\/v2\/pages\/1781","targetHints":{"allow":["GET"]}}],"collection":[{"href":"https:\/\/inna.kreativhandwerk.de\/index.php\/wp-json\/wp\/v2\/pages"}],"about":[{"href":"https:\/\/inna.kreativhandwerk.de\/index.php\/wp-json\/wp\/v2\/types\/page"}],"author":[{"embeddable":true,"href":"https:\/\/inna.kreativhandwerk.de\/index.php\/wp-json\/wp\/v2\/users\/1"}],"replies":[{"embeddable":true,"href":"https:\/\/inna.kreativhandwerk.de\/index.php\/wp-json\/wp\/v2\/comments?post=1781"}],"version-history":[{"count":17,"href":"https:\/\/inna.kreativhandwerk.de\/index.php\/wp-json\/wp\/v2\/pages\/1781\/revisions"}],"predecessor-version":[{"id":1810,"href":"https:\/\/inna.kreativhandwerk.de\/index.php\/wp-json\/wp\/v2\/pages\/1781\/revisions\/1810"}],"wp:attachment":[{"href":"https:\/\/inna.kreativhandwerk.de\/index.php\/wp-json\/wp\/v2\/media?parent=1781"}],"curies":[{"name":"wp","href":"https:\/\/api.w.org\/{rel}","templated":true}]}}

Über mich

<div class="wpb-content-wrapper"><p>[vc_row full_width=&#8221;stretch_row_content_no_spaces&#8221;][vc_column]<div class="banner-area banner-area-68138ac53d4a9 banner-color-inherit" data-settings="{&quot;loop&quot;:true,&quot;speed&quot;:500,&quot;autoplay&quot;:{&quot;delay&quot;:5000,&quot;disableOnInteraction&quot;:false,&quot;pauseOnMouseEnter&quot;:true},&quot;arrows&quot;:true,&quot;dots&quot;:true,&quot;dots_position&quot;:&quot;left&quot;,&quot;animation&quot;:&quot;&quot;}"><div class="banner banner-68138ac53d4a9  arrows-left pagination-left" style=" --transition-speed: 2500ms;"><div class="swiper"><div class="swiper-wrapper"><div class="item swiper-slide banner-item-68138acf96925 tal white">
      <div class="bg-image" style="background-image: url(https://inna.kreativhandwerk.de/wp-content/uploads/2025/05/inna_header2.jpg)"></div>
      
      
      <div class="container">
        <div class="cell top  wpb_animate_when_almost_visible wpb_fadeIn fadeIn">
          <div class="heading">
        <div class="sub-h">Momente, die bleiben – Hochzeitsfotografie mit Herz</div>
        <h3 class="h">Hallo! Ich freue mich, Sie auf meiner Website zu begrüssen!</h3>
      </div>
          <div class="text">Ein Lächeln, das aus tiefstem Herzen kommt. Ein Blick, der mehr sagt als tausend Worte. Die zarte Berührung zweier Hände, die gerade Ja gesagt haben. Genau diese Augenblicke halte ich für Sie fest – ehrlich, lebendig und voller Gefühl.</p>
<p>Ich bin Inna Rose – Fotografin mit russischen Wurzeln und einer großen Liebe für echte Geschichten. Geboren in Sankt Petersburg, lebe und arbeite ich seit 2015 in der Schweiz und Deutschland. Als ich vor über fünf Jahren meine erste Hochzeit in den Bergen fotografierte, wusste ich: Das ist mehr als ein Beruf – das ist meine Leidenschaft.</p>
<p>Was mich antreibt? Menschen. Emotionen. Und der Zauber zwischen den Zeilen eines Tages, der so schnell vorbeizieht und doch für immer bleiben soll. Ob bei Hochzeiten, Familienreportagen oder Paarshootings – ich begleite Sie mit Herz, Feingefühl und einem Blick für das Besondere.</p>
<p>Sie wünschen sich natürliche, zeitlose Bilder, die Ihre Geschichte erzählen? Dann lassen Sie uns gemeinsam Erinnerungen schaffen, die Sie auch noch in vielen Jahren berühren.</p>
<p>Übrigens: Für das perfekte Rundum-Erlebnis arbeite ich mit erfahrenen Visagistinnen und Stylisten zusammen, die Sie an Ihrem großen Tag zum Strahlen bringen.</p>
<p>Sie haben Fragen oder möchten mehr erfahren? Schreiben Sie mir ganz unverbindlich – ich freue mich auf Sie.</p>
<p>Ich spreche Englisch, Russisch und ein wenig Deutsch – und vor allem die Sprache der Emotionen.</p>
<p>Ihre Inna Rose<br />
Fotografin für die besonderen Momente im Leben</div>
          
          
        </div>
      </div>
    </div></div></div><div class="owl-nav"><div class="owl-prev basic-ui-icon-left-arrow"></div><div class="owl-next basic-ui-icon-right-arrow"></div></div><div class="owl-dots"></div></div></div>[/vc_column][/vc_row]</p>
</div>
